ghest common divisor of c and 3159?
117
Let n(u) = -u**2 + u - 17. Let q be n(0). Suppose 34*y + 137 + 182 = -225. Let r = y - q. Calculate the greatest common divisor of 9 and r.
1
Let h = 218 - 208. Suppose h*r - 1229 = 2411. What is the greatest common divisor of 52 and r?
52
Suppose 2*t - 76 = 2. Suppose 16*r - 570 = -4410. Let i = r - -253. Calculate the greatest common factor of t and i.
13
Let b be (3 + (-46)/6)*(-33)/(-22). Let j be (b + 15)*84/16. What is the highest common factor of 378 and j?
42
Let j be -32 - ((-169)/(-13) + -23). Suppose -174 = 5*n - q, 0*q - 110 = 3*n - 2*q. Let z = j - n. What is the greatest common factor of 48 and z?
12
Let j(d) = -4*d**3 - 10*d**2 - 46*d - 120. Let k be j(-4). What is the highest common divisor of 2480 and k?
80
Suppose -3988 = -2*w + 2*z, 0*z - 3*z = -6*w + 11958. What is the highest common divisor of 48 and w?
24
Let a = 8448 - 8400. What is the greatest common factor of a and 9456?
48
Let j = 3325 - 3277. Calculate the greatest common divisor of 372 and j.
12
Suppose 8 = -4*v + 2*v. Let c(m) be the first derivative of m**3/3 + m**2 - 7*m + 133. Let n be c(v). Calculate the greatest common divisor of 8 and n.
1
Let x(a) be the third derivative of 11*a**5/20 + 5*a**4/24 - 2*a**3/3 - 22*a**2. Let k be x(1). Let q = k + 31. Calculate the highest common factor of q and 13.
13
Suppose -3*y - 4*o + 2748 = 286, 5*y = 6*o + 4154. What is the highest common factor of y and 56?
14
Let s = -342 - -404. Suppose -s = -w - 39. What is the greatest common divisor of 46 and w?
23
Let p be (12524/(-707))/((-3)/84). What is the highest common divisor of p and 28?
4
Let n be -45 + 47 + (-5)/(-2 - -1). Suppose -3*i + 150 = t, 12*t - n*t = 0. What is the highest common factor of 20 and i?
10
Let i = -10145 - -12980. What is the greatest common factor of 180 and i?
45
Let n be (-12)/(-20) - ((-2)/5 - -1). Suppose 5*a = t + 29, -2*a - t = -n*a - 13. Let i = 2 + 4. What is the greatest common divisor of i and a?
6
Suppose o = 4*q - 203, q = -2*o + 46 + 16. Let a be (15/4)/((-231)/52 + 855/190). Calculate the greatest common divisor of a and q.
13
Let d = 24 + -25. Let g be (-878)/(-8) + d - 3/4. Suppose 0 = 3*c - v - 37, 5*c + 2*v - 58 = -0*v. What is the greatest common divisor of c and g?
12
Let b = 13 + 67. Suppose -81*i = -b*i - 448. Calculate the highest common factor of 28 and i.
28
Let x(u) = -u**2 - 8*u - 6. Let s be x(-6). Suppose 8*b - 160 = s*b. Let q = 44 + -28. Calculate the highest common divisor of b and q.
16
Suppose -2*d = -3*b + 23 + 24, b + d - 19 = 0. Let x = -105 + 156. Calculate the highest common factor of b and x.
17
Suppose 87*t = 79*t + 1328. Suppose 4*l + 4*n - 75 = 93, t = 4*l + 5*n. Calculate the highest common divisor of 484 and l.
44
Let k = -80 - -32. Let o = -38 - k. Let g = 15 - o. What is the highest common divisor of 35 and g?
5
Suppose -4*q + 200 = 4*s, 0*s = 3*s - 5*q - 158. Suppose -y - s + 79 = 0. Suppose 3*r - p = 121, 4*p + 5 = 5*p. What is the highest common divisor of r and y?
14
Let b(k) = k + 25 + k + k + 9 - 7*k**2 + k**3. Let w be b(6). Calculate the highest common divisor of w and 28.
4
Let s(i) = -69*i + 63. Suppose 13*k - 7*k = -78. Let w be s(k). What is the greatest common divisor of 48 and w?
48
Suppose -5*p + 130 = 5*n, 2*n + 0*n + 95 = 5*p. Calculate the greatest common factor of 1185 and p.
3
Let l(n) = -n**3 + 6*n**2 + 3*n - 5. Let z be l(5). Let u = 344 - 376. Let k = u + 39. What is the highest common divisor of k and z?
7
Let y be (-65)/(-10)*2 + -3 + -1. Let v(x) = -13*x + 132. Let p be v(y). What is the greatest common divisor of p and 135?
15
Suppose 5*b - 193 + 178 = 0. Let x be 72 - (20/(-5) + 7 - b). What is the greatest common divisor of 288 and x?
72
Let d = -229 + 609. Suppose 2*f = -0*f - d. Let i = -19 - f. What is the highest common factor of 19 and i?
19
Let d be 8343/(-216)*80/(-15). Calculate the highest common divisor of 515 and d.
103
Suppose -3 = 2*y - 5*h, 3 - 9 = -2*h. Let n be 520/15*45/y. What is the highest common factor of 40 and n?
20
Let s(v) = -3. Let b(j) = -11*j - 172. Let f(h) = b(h) + 3*s(h). Let i be f(-33). Calculate the highest common factor of 14 and i.
14
Let w(i) = i**3 + 11*i**2 + i + 13. Let o be w(-11). Suppose -o*v - p = -0*v - 753, 2*p = -5*v + 1881. What is the highest common factor of 15 and v?
15
Let o = -3324 + 3381. Calculate the greatest common factor of o and 1387.
19
Let y = 1051 + -1039. What is the highest common factor of y and 134?
2
Suppose 0 = -r + 3 + 1. Let n(a) = a - 15. Let d be n(r). Let k(t) = -3*t + 15. Let q be k(d). Calculate the greatest common factor of q and 72.
24
Suppose 390*a + 3455 = 4*l + 391*a, 1732 = 2*l - 4*a. What is the greatest common divisor of 1188 and l?
108
Suppose 0 = 3*s - 3*f - 3213, -89 = 5*f - 89. Calculate the greatest common factor of 9 and s.
9
Suppose -5*v = -6*u + 5*u, 4*u = 5*v. Let c be (3 + -2 - -265) + u. Let j be (224/(-12))/(-18 - 3*(-350)/63). Calculate the greatest common factor of j and c.
14
Suppose 3*p + 168 = -3*k + 39, -5*p - 206 = -4*k. Let j be p/(-18) - 295/(-15). What is the greatest common factor of j and 11?
11
Let l be 7071 + -2 + 11 + -15. Calculate the greatest common divisor of l and 180.
45
Suppose 0 = 2*x - 4*k - 51574, 3*x - 46881 = 5*k + 30471. Calculate the greatest common factor of x and 73.
73
Suppose j - 198 = -416. Let d = 142 - j. Calculate the greatest common factor of 72 and d.
72
Let b(m) = m**2 + 9*m + 33. Let s be b(-12). Let w = -59 + s. What is the greatest common divisor of 45 and w?
5
Suppose 115*z + 18*z - 12502 = 0. Let c = -130 - -132. Calculate the greatest common factor of z and c.
2
Suppose -p + 62 = 5*x - 458, -5*x = 5. Suppose -2*f = -2*y - y - 96, 3*y - 30 = -f. Calculate the greatest common factor of p and f.
21
Let w(y) = 2*y**2 - y. Let r be w(1). Let i(n) = -n + 25. Let t = -272 + 281. Let q be i(t). What is the greatest common factor of r and q?
1
Let j = -10790 + 10845. Calculate the greatest common factor of 9515 and j.
55
Let j be 1*-52*3/24*10. Let b = j + 61. Let n be -4*(b/6)/(28/147). What is the highest common factor of n and 224?
14
Let a(k) = k**3 + 2*k**2 - 4*k + 25. Let r be a(8). Let h = r - 529. What is the greatest common factor of h and 24?
8
Suppose 61*n + 7 = u + 62*n, -u - 13 = -3*n. Let y(w) = w**2 + 9*w + 3. Let p be y(-6). Let d be u/(-3) - 490/p. What is the greatest common factor of d and 48?
16
Let h be (-5632)/(-384)*(1 - (-132 + -2)). What is the highest common divisor of h and 1440?
180
Suppose -4*f - 8 = -12. Let w be 2 + 4 + -11 + -3. Let z be 19/(-76)*(w - 0). Calculate the highest common factor of f and z.
1
Let n = -2 + 6. Let b be (-2 - n)/((-2)/3). Suppose -11*c + 251 = -110*z + 115*z, 70 = -5*c. Calculate the highest common factor of z and b.
9
Suppose -23*n = -3*n - 320. What is the greatest common factor of 464 and n?
16
Suppose 80 + 85 = 3*b + 4*a, -3*a + 9 = 0. Suppose -4 = 4*i, i - 28 = 2*m - b. What is the greatest common factor of 539 and m?
11
Let p(t) = 2*t**2 - 17*t - 3. Let c be p(7). Let q be 6/c + 3588/16. What is the greatest common factor of q and 128?
32
Suppose 0 = -d + 42 - 12. Suppose 3 = 3*x + d. Let y be (-147)/x - 2/6. What is the highest common factor of y and 176?
16
Suppose -33 = -k + 2*y + 31, 5*y + 259 = 4*k. What is the greatest common factor of 1078 and k?
22
Suppose -237 - 975 = -2*j + 4*g, 3*g - 2380 = -4*j. What is the greatest common factor of j and 182?
26
Let q(k) = 4051*k - 290. Let w be q(4). Calculate the greatest common factor of w and 218.
218
Suppose -9*w + 4*w + 65450 = -4*x, -4*x - 26180 = -2*w. What is the greatest common factor of 22 and w?
22
Let u = 11150 - 10550. What is the greatest common divisor of 360 and u?
120
Suppose -3*h = -2*n - 4917, 5*n = -2*h - 170 + 3448. What is the highest common factor of h and 11?
11
Let i(u) be the first derivative of u**2/2 + 55*u - 58. Let j be i(0). What is the highest common divisor of 15 and j?
5
Let v(b) = 2*b**2 + 21*b - 9. Let i be v(-11). Let p be (1/5)/(2/1220*i). What is the highest common divisor of 610 and p?
61
Let s(r) = 3*r**2 - 12*r + 1818. Let d be s(-43). What is the greatest common divisor of 222 and d?
111
Suppose 261*l - 118*l = 107822. Let z be 2 + 2 + 51 + 3. Cal